mmon factor of w and 146?
73
Suppose 107 = -2*h - 3*j, 5*h = -4*j + 21 - 285. Let r = h + 58. Calculate the greatest common divisor of r and 9.
3
Let r be 1 - (420/(-7))/3. Calculate the greatest common divisor of r and 231.
21
Let i be ((-190)/285)/(1/((-78)/4)). Let d(k) = k + 7. Let s be d(6). Calculate the greatest common divisor of s and i.
13
Let p be (-130)/(-14) + (-52)/182. Let v be (-265)/(-15) - 2/(-6). What is the highest common factor of v and p?
9
Let g = -66 + 83. Suppose -12*z - 630 = -g*z. What is the highest common factor of 18 and z?
18
Suppose 45*r - 48*r + 162 = 0. Calculate the highest common divisor of 342 and r.
18
Suppose 0 = -4*f - 3*a + 16, -3*f = -f - 4*a - 8. Suppose 108 = f*m - 4*l - l, -2*m - 4*l + 54 = 0. Calculate the greatest common divisor of 54 and m.
27
Let t(g) = g**3 - 2*g**2. Let i be t(2). Let j = 3 + i. Let z be (j - 12)/(-3) + 5. What is the highest common divisor of 40 and z?
8
Let i be ((-50)/15 - 0)*(-12)/10. Suppose 0 = 2*o + 2*o - i. What is the greatest common divisor of o and 2?
1
Suppose -5*w - 5*g - 3 = -7*w, -w + 6 = 2*g. Suppose -3*l - 165 = -2*d, -18 = -2*d + w*l + 146. Calculate the greatest common divisor of 12 and d.
12
Let s be 57/(-21) + 4/(-14). Let y(c) = c**3 + 5*c**2 + 3*c + 3. Let d be y(s). Let p = -34 + 42. What is the highest common factor of p and d?
4
Suppose 0*h + 2*w = -2*h + 144, -3*w - 15 = 0. Calculate the greatest common divisor of 308 and h.
77
Suppose a - 1 = 2*a. Let h be -1 - (-4)/((-1)/a). Calculate the highest common divisor of h and 1.
1
Let z = -416 + 592. Suppose -656 = 4*h - 16*h - 392. What is the highest common factor of h and z?
22
Suppose 0 = 2*r - 2*k - 6, 9*r - 9 = 5*r + k. What is the greatest common factor of 118 and r?
2
Suppose 2*q - 10 = 3*o, 5*o - 20 = -5*q + q. Let g(k) = -4 + k**2 - 6*k**2 - 2 + 5 + k + k**3. Let h be g(q). What is the greatest common factor of h and 8?
4
Suppose -c + 6*c = 0. Suppose -3*j + j - 16 = c. Let i be ((-45)/12)/(3/j). What is the highest common divisor of i and 40?
10
Let g = 66 - 64. Suppose -t + 6 = n + t, -2*n = g*t - 16. Calculate the greatest common divisor of n and 50.
10
Suppose -9*o + 6232 - 1552 = 0. Calculate the greatest common divisor of o and 8.
8
Suppose 8*n = 1507 + 701. What is the greatest common divisor of 24 and n?
12
Let z(g) = g + 1. Let l be z(-4). Let h be -6 + (-6)/(-2) + l. Let r be h/(-2)*(-7)/(-3). Calculate the greatest common divisor of r and 28.
7
Let x(i) = 6*i**2 - 31*i - 21. Let j be x(6). Suppose k = 5*t + 88, -19 + 261 = 4*k + 2*t. Calculate the greatest common factor of k and j.
9
Let r(l) = -l**3 - 25*l**2 - 26*l - 36. Let t be r(-25). Suppose -t = -3*u - 134. Calculate the greatest common divisor of u and 16.
16
Let r = 4 - 2. Suppose 12 = 3*y, 2*l - r*y = 4*l - 22. Let a = -6 + l. What is the greatest common factor of a and 7?
1
Let u(a) = -3*a + 9 - 3 + 6*a. Let f be u(-5). Let x be 3 - f/6*26. Calculate the highest common divisor of 63 and x.
21
Let u(j) = -j**2 - 13*j - 34. Let b be u(-8). Let l = b - -6. Calculate the highest common divisor of 96 and l.
12
Let w(r) = r**2 - 24*r + 19. Let c be w(9). Let d = 214 + c. What is the greatest common divisor of d and 42?
14
Let s = -67 - -80. Suppose s = 3*a - 107. Calculate the highest common factor of 5 and a.
5
Let i = -5 + 11. Suppose -d = -i*d + 25. Let j = -17 + 52. Calculate the greatest common divisor of d and j.
5
Let y(s) = -13*s - 192. Let u be y(-15). Calculate the greatest common divisor of 81 and u.
3
Let p be -2 + 3 - -1 - 20. Let r be 4/p + (-276)/(-27). Let k be 4 + 38 - (3 - 1). Calculate the highest common factor of k and r.
10
Suppose -5*a + 21*a = 1152. What is the highest common divisor of a and 684?
36
Suppose -2*v = 4*a - 58, 4 = -5*v - a + 122. What is the highest common divisor of v and 621?
23
Let z(a) = -a**2 + 25*a - 21. Let l be z(24). Suppose -l*m = -10 - 35. Calculate the highest common factor of 195 and m.
15
Let l(z) = -5*z - 10. Let s be l(-3). Suppose -7*r + s*r + 140 = 0. What is the greatest common divisor of r and 30?
10
Let f(b) = -16*b**3 - b**2. Let o be f(1). Let w = -1 - o. Suppose w = -5*a + 6*a. Calculate the highest common divisor of 40 and a.
8
Suppose 102*h = 92*h + 120. Calculate the greatest common factor of h and 840.
12
Let x(l) = 2*l. Let g be x(3). Let z be ((-301)/(-129))/((-2)/(-6)) + -3. What is the greatest common factor of z and g?
2
Let v(m) = 21*m + 30. Let w be v(-7). Let r be (1 + 4/12)/((-6)/w). Calculate the greatest common factor of r and 52.
26
Let j be (-28)/(-112) - 190/(-8). Let o = -9 + 15. Calculate the highest common divisor of j and o.
6
Suppose 0*p - 3*p = -z + 16, 0 = -5*z - 4*p + 4. Suppose o - 147 + 12 = 0. Suppose y = z*y - o. What is the greatest common factor of 5 and y?
5
Suppose -2 = t - 22. Suppose 0 = -18*q + 14*q. Suppose 4*i - 4*v = i + 154, -2*i + 3*v + 103 = q. Calculate the highest common divisor of t and i.
10
Let x be -256 + (0 - 2/1). Let r be x/(-8) + 8/(-32). What is the greatest common divisor of r and 16?
16
Let u = -2540 - -2565. Calculate the highest common factor of u and 850.
25
Let h be (-20)/(-8)*2 + -3. Suppose -3*j = -h*j - 2. Suppose -o - r + j = o, 4*r = -8. Calculate the greatest common factor of o and 20.
2
Let d be (8 + -9)*(0 - -1). Let j(s) = 28*s**2 - s - 2. Let z be j(d). Calculate the highest common factor of 18 and z.
9
Let a(g) = 70*g - 532. Let y be a(22). Calculate the highest common divisor of y and 112.
112
Suppose -40 = -8*j + 152. What is the highest common factor of j and 296?
8
Suppose -o + 2*d + 90 = 0, 2*d = -5*o + 459 + 39. Let x be (140/130)/(7/91). What is the highest common divisor of x and o?
14
Let c = -14 - -21. Suppose -n - 3*k = -c, -45 = -4*n + k + 4*k. Let m be 2 + 1*1*18. Calculate the greatest common factor of m and n.
10
Let c be 8*3/6*1. Suppose 428 = c*a - 5*m, a + 556 = 6*a - m. Calculate the highest common divisor of a and 14.
14
Suppose -2*m - 39 = -h, -6 = -2*m - 0*m. Suppose 0 = 5*y + 3 - 48. Suppose y*g = 130 + 32. Calculate the highest common divisor of h and g.
9
Suppose c + 5*m - 22 = 3*m, -4*m = 3*c - 58. Calculate the highest common factor of 910 and c.
14
Let r be 6/(-1)*((-1232)/21 - 0). Calculate the highest common factor of r and 22.
22
Let l(r) = -r + 12. Let d be l(-7). Suppose -2*i = -5 - d. What is the highest common divisor of i and 4?
4
Let w be 2*1/(-6)*(-26 - 1). Let l(x) = -x**3 + 9*x**2 + 3*x - 12. Let y be l(w). What is the highest common divisor of 105 and y?
15
Let g = 4218 - 2265. Calculate the greatest common factor of g and 126.
63
Let g(w) be the first derivative of 3*w**2 + 33*w - 15. Let k be g(17). Calculate the greatest common divisor of k and 15.
15
Suppose 0 = 2*q - 6*q + 108. Let c be (-38 - 16)*(-18)/4. What is the greatest common divisor of c and q?
27
Let n = -11616 + 11630. Let c be -1*(-1 + -1 + 2). Suppose 4*d + 130 - 522 = c. What is the greatest common factor of d and n?
14
Suppose 0 = 2*h + 5*r - 11, 0 - 10 = -4*h + 2*r. Suppose z - 5*c = 10, z + 34 = h*z - 3*c. Suppose 117 = 3*s - 3. What is the highest common factor of z and s?
20
Suppose 18 = 8*g - 5*g. Suppose 66 = g*w - 654. What is the highest common factor of 10 and w?
10
Let y = -67 - -37. Let t = -23 - y. What is the greatest common divisor of 14 and t?
7
Let t be 1/((-2)/(-25 - -1)). Suppose 14 = -2*x + 2*r, 4*r = 5*x + 35 + 1. Let i be 1840/14 - x/14. Calculate the greatest common divisor of t and i.
12
Let y(m) = -m + 8. Let a be y(4). Suppose 2*j - 13 + 43 = a*w, -5*j = 4*w - 65. Suppose -1 = -l + 24. Calculate the greatest common factor of w and l.
5
Let j(q) = -q**2 + 59*q - 9. Let c be j(8). What is the highest common factor of 38 and c?
19
Suppose 5*x + 35 = 5*v, 3*v + 4*x + 7 + 7 = 0. Suppose -p = v*p - 120. What is the greatest common factor of 60 and p?
20
Let z = -4404 - -4418. Let j be 1/(-3) + (-633)/(-9). What is the highest common divisor of j and z?
14
Let a(y) = 3*y + 96. Suppose -32 = -c - 32. Let h be a(c). Calculate the highest common divisor of 24 and h.
24
Let p(w) = -w**2 - 10*w. Let k be p(-6). What is the highest common factor of 32 and k?
8
Let y = -29 - -84. Let a be 10/(-2)*10/(-25). Suppose -4*g = m - a*g - y, 3*m = g + 200. What is the highest commo